t is the thousands digit of 577989?
7
What is the thousands digit of 261045?
1
What is the ten thousands digit of 267599?
6
What is the hundreds digit of 163382?
3
What is the thousands digit of 5534229?
4
What is the units digit of 133894?
4
What is the tens digit of 315745?
4
What is the millions digit of 3940552?
3
What is the ten thousands digit of 369902?
6
What is the ten thousands digit of 246217?
4
What is the hundreds digit of 532784?
7
What is the units digit of 29330?
0
What is the ten thousands digit of 1750909?
5
What is the thousands digit of 231587?
1
What is the units digit of 159348?
8
What is the ten thousands digit of 681644?
8
What is the thousands digit of 2023909?
3
What is the thousands digit of 4964990?
4
What is the millions digit of 1512041?
1
What is the hundred thousands digit of 3947339?
9
What is the tens digit of 681279?
7
What is the tens digit of 204496?
9
What is the ten thousands digit of 6229025?
2
What is the ten thousands digit of 1338805?
3
What is the hundreds digit of 1434543?
5
What is the ten thousands digit of 1178458?
7
What is the units digit of 302356?
6
What is the hundreds digit of 228883?
8
What is the hundred thousands digit of 796659?
7
What is the thousands digit of 1545975?
5
What is the hundred thousands digit of 163607?
1
What is the hundreds digit of 4841047?
0
What is the thousands digit of 230144?
0
What is the units digit of 52111?
1
What is the units digit of 983301?
1
What is the ten thousands digit of 256948?
5
What is the ten thousands digit of 3960731?
6
What is the thousands digit of 20197430?
7
What is the units digit of 1525743?
3
What is the ten thousands digit of 421312?
2
What is the thousands digit of 1567905?
7
What is the ten thousands digit of 1101766?
0
What is the hundreds digit of 438225?
2
What is the hundreds digit of 8235217?
2
What is the tens digit of 148966?
6
What is the units digit of 5406166?
6
What is the hundred thousands digit of 2325142?
3
What is the units digit of 230553?
3
What is the units digit of 102385?
5
What is the hundred thousands digit of 495881?
4
What is the hundred thousands digit of 355293?
3
What is the hundred thousands digit of 482359?
4
What is the units digit of 727718?
8
What is the ten thousands digit of 4474379?
7
What is the ten thousands digit of 2177580?
7
What is the units digit of 518556?
6
What is the hundreds digit of 2466961?
9
What is the hundreds digit of 387821?
8
What is the tens digit of 454850?
5
What is the units digit of 8823808?
8
What is the ten thousands digit of 89789?
8
What is the hundred thousands digit of 852273?
8
What is the units digit of 519161?
1
What is the ten thousands digit of 263226?
6
What is the ten thousands digit of 816564?
1
What is the units digit of 408350?
0
What is the hundreds digit of 2931506?
5
What is the millions digit of 3190820?
3
What is the ten thousands digit of 149953?
4
What is the hundred thousands digit of 431128?
4
What is the units digit of 533709?
9
What is the tens digit of 31166001?
0
What is the units digit of 4102594?
4
What is the tens digit of 1879093?
9
What is the hundreds digit of 273863?
8
What is the millions digit of 2517919?
2
What is the tens digit of 2631981?
8
What is the hundred thousands digit of 454053?
4
What is the thousands digit of 290795?
0
What is the thousands digit of 200197?
0
What is the ten thousands digit of 1099877?
9
What is the hundred thousands digit of 4512655?
5
What is the thousands digit of 835446?
5
What is the tens digit of 1931697?
9
What is the hundred thousands digit of 203843?
2
What is the millions digit of 8042773?
8
What is the tens digit of 5241489?
8
What is the units digit of 30563?
3
What is the tens digit of 213155?
5
What is the ten thousands digit of 657209?
5
What is the ten thousands digit of 29197099?
9
What is the hundred thousands digit of 3517139?
5
What is the ten thousands digit of 216100?
1
What is the ten thousands digit of 16629060?
2
What is the ten millions digit of 19461952?
1
What is the tens digit of 1012847?
4
What is the thousands digit of 40914?
0
What is the tens digit of 43261?
6
What is the tens digit of 2685919?
1
What is the thousands digit of 312672?
2
What is the thousands digit of 19365?
9
What is the tens digit of 9178773?
7
What is the thousands digit of 267415?
7
What is the thousands digit of 40432?
0
What is the units digit of 2642223?
3
What is the hundred thousands digit of 4357546?
3
What is the tens digit of 746086?
8
What is the millions digit of 12766932?
2
What is the hundred thousands digit of 259406?
2
What is the units digit of 564964?
4
What is the units digit of 60779?
9
What is the thousands digit of 5256378?
6
What is the tens digit of 3355129?
2
What is the ten thousands digit of 982732?
8
What is the thousands digit of 1068021?
8
What is the hundreds digit of 2130471?
4
What is the thousands digit of 186700?
6
What is the thousands digit of 519144?
9
What is the thousands digit of 9215885?
5
What is the thousands digit of 493027?
3
What is the hundreds digit of 653776?
7
What is the millions digit of 1427635?
1
What is the units digit of 297554?
4
What is the tens digit of 4354503?
0
What is the ten thousands digit of 390651?
9
What is the millions digit of 19447856?
9
What is the ten thousands digit of 258335?
5
What is the ten thousands digit of 14953057?
5
What is the millions digit of 4146322?
4
What is the hundred thousands digit of 184473?
1
What is the hundreds digit of 81138?
1
What is the thousands digit of 42941?
2
What is the tens digit of 1064164?
6
What is the hundreds digit of 431219?
2
What is the hundreds digit of 858080?
0
What is the units digit of 5056671?
1
What is the millions digit of 4557370?
4
What is the hundred thousands digit of 246517?
2
What is the tens digit of 19860826?
2
What is the hundred thousands digit of 133230?
1
What is the units digit of 7139841?
1
What is the tens digit of 1725610?
1
What is the tens digit of 7761737?
3
What is the tens digit of 20756?
5
What is the ten millions digit of 25802097?
2
What is the tens digit of 915048?
4
What is the thousands digit of 330738?
0
What is the hundreds digit of 1600857?
8
What is the ten thousands digit of 1445320?
4
What is the ten thousands digit of 2071772?
7
What is the thousands digit of 565796?
5
What is the units digit of 837322?
2
What is the hundreds digit of 781125?
1
What is the ten thousands digit of 987470?
8
What is the hundreds digit of 5648029?
0
What is the units digit of 4122050?
0
What is the thousands digit of 497564?
7
What is the hundred thousands digit of 1365410?
3
What is the hundreds digit of 161060?
0
What is the hundreds digit of 979390?
3
What is the tens digit of 3802700?
0
What is the thousands digit of 390069?
0
What is the hundred thousands digit of 139045?
1
What is the millions digit of 24845878?
4
What is the hundred thousands digit of 6465034?
4
What is the millions digit of 4384038?
4
What is the millions digit of 1927367?
1
What is the units digit of 2274564?
4
What is the units digit of 24411658?
8
What is the millions digit of 1375124?
1
What is the thousands digit of 2188154?
8
What is the tens digit of 2584623?
2
What is the hundreds digit of 693449?
4
What is the tens digit of 48772?
7
What is the hundreds digit of 11582715?
7
What is the thousands digit of 2004558?
4
What is the hundreds digit of 892848?
8
What is the hundred thousands digit of 4473365?
4
What is the hundreds digit of 2625443?
4
What is the tens digit of 15799?
9
What is the hundreds digit of 1377337?
3
What is the hundred thousands digit of 967544?
9
What is the units digit of 1228343?
3
What is the hundreds digit of 1503787?
7
What is the thousands digit of 75203?
5
What is the millions digit of 1198270?
1
What is the thousands digit of 86619?
6
What is the ten millions digit of 20576386?
2
What is the units digit of 375934?
4
What is the units digit of 5077856?
6
What is the ten thousands digit of 1336094?
3
What is the hundred thousands digit of 336200?
3
What is the millions digit of 8545530?
8
What is the hundreds digit of 23563009?
0
What is the thousands digit of 1569390?
9
What is the ten thousands digit of 7119457?
1
What is the thousands digit of 670136?
0
What